{"id":372,"date":"2023-06-19T21:58:21","date_gmt":"2023-06-20T00:58:21","guid":{"rendered":"https:\/\/memoriadelasvictorias.com\/?page_id=372"},"modified":"2023-07-04T12:25:04","modified_gmt":"2023-07-04T15:25:04","slug":"nora","status":"publish","type":"page","link":"https:\/\/memoriadelasvictorias.com\/index.php\/indice\/nuestrxs-desaparecidxs\/nora\/","title":{"rendered":"Nora"},"content":{"rendered":"\t\t<div data-elementor-type=\"wp-page\" data-elementor-id=\"372\" class=\"elementor elementor-372\">\n\t\t\t\t\t\t<section class=\"elementor-section elementor-top-section elementor-element elementor-element-65b2a85 elementor-section-boxed elementor-section-height-default elementor-section-height-default\" data-id=\"65b2a85\" data-element_type=\"section\" data-e-type=\"section\">\n\t\t\t\t\t\t<div class=\"elementor-container elementor-column-gap-default\">\n\t\t\t\t\t<div class=\"elementor-column elementor-col-100 elementor-top-column elementor-element elementor-element-950d7f2\" data-id=\"950d7f2\" data-element_type=\"column\" data-e-type=\"column\">\n\t\t\t<div class=\"elementor-widget-wrap elementor-element-populated\">\n\t\t\t\t\t\t<div class=\"elementor-element elementor-element-c1863c6 elementor-widget elementor-widget-heading\" data-id=\"c1863c6\" data-element_type=\"widget\" data-e-type=\"widget\" data-widget_type=\"heading.default\">\n\t\t\t\t<div class=\"elementor-widget-container\">\n\t\t\t\t\t<h2 class=\"elementor-heading-title elementor-size-default\">Nora Alicia Larrubia<\/h2>\t\t\t\t<\/div>\n\t\t\t\t<\/div>\n\t\t\t\t<div class=\"elementor-element elementor-element-c434838 elementor-arrows-position-inside elementor-pagination-position-outside elementor-widget elementor-widget-image-carousel\" data-id=\"c434838\" data-element_type=\"widget\" data-e-type=\"widget\" data-settings=\"{&quot;slides_to_show&quot;:&quot;2&quot;,&quot;autoplay&quot;:&quot;no&quot;,&quot;navigation&quot;:&quot;both&quot;,&quot;infinite&quot;:&quot;yes&quot;,&quot;speed&quot;:500,&quot;image_spacing_custom&quot;:{&quot;unit&quot;:&quot;px&quot;,&quot;size&quot;:20,&quot;sizes&quot;:[]},&quot;image_spacing_custom_tablet&quot;:{&quot;unit&quot;:&quot;px&quot;,&quot;size&quot;:&quot;&quot;,&quot;sizes&quot;:[]},&quot;image_spacing_custom_mobile&quot;:{&quot;unit&quot;:&quot;px&quot;,&quot;size&quot;:&quot;&quot;,&quot;sizes&quot;:[]}}\" data-widget_type=\"image-carousel.default\">\n\t\t\t\t<div class=\"elementor-widget-container\">\n\t\t\t\t\t\t\t<div class=\"elementor-image-carousel-wrapper swiper\" role=\"region\" aria-roledescription=\"carousel\" aria-label=\"Carrusel de im\u00e1genes\" dir=\"ltr\">\n\t\t\t<div class=\"elementor-image-carousel swiper-wrapper\" aria-live=\"polite\">\n\t\t\t\t\t\t\t\t<div class=\"swiper-slide\" role=\"group\" aria-roledescription=\"slide\" aria-label=\"1 of 4\"><figure class=\"swiper-slide-inner\"><img decoding=\"async\" class=\"swiper-slide-image\" src=\"https:\/\/memoriadelasvictorias.com\/wp-content\/uploads\/2023\/06\/nora1.jpg\" alt=\"nora1\" \/><\/figure><\/div><div class=\"swiper-slide\" role=\"group\" aria-roledescription=\"slide\" aria-label=\"2 of 4\"><figure class=\"swiper-slide-inner\"><img decoding=\"async\" class=\"swiper-slide-image\" src=\"https:\/\/memoriadelasvictorias.com\/wp-content\/uploads\/2023\/06\/nora2.jpg\" alt=\"nora2\" \/><\/figure><\/div><div class=\"swiper-slide\" role=\"group\" aria-roledescription=\"slide\" aria-label=\"3 of 4\"><figure class=\"swiper-slide-inner\"><img decoding=\"async\" class=\"swiper-slide-image\" src=\"https:\/\/memoriadelasvictorias.com\/wp-content\/uploads\/2023\/07\/nora4.jpg\" alt=\"nora4\" \/><\/figure><\/div><div class=\"swiper-slide\" role=\"group\" aria-roledescription=\"slide\" aria-label=\"4 of 4\"><figure class=\"swiper-slide-inner\"><img decoding=\"async\" class=\"swiper-slide-image\" src=\"https:\/\/memoriadelasvictorias.com\/wp-content\/uploads\/2023\/07\/nora3.jpg\" alt=\"nora3\" \/><\/figure><\/div>\t\t\t<\/div>\n\t\t\t\t\t\t\t\t\t\t\t\t<div class=\"elementor-swiper-button elementor-swiper-button-prev\" role=\"button\" tabindex=\"0\">\n\t\t\t\t\t\t<i aria-hidden=\"true\" class=\"eicon-chevron-left\"><\/i>\t\t\t\t\t<\/div>\n\t\t\t\t\t<div class=\"elementor-swiper-button elementor-swiper-button-next\" role=\"button\" tabindex=\"0\">\n\t\t\t\t\t\t<i aria-hidden=\"true\" class=\"eicon-chevron-right\"><\/i>\t\t\t\t\t<\/div>\n\t\t\t\t\n\t\t\t\t\t\t\t\t\t<div class=\"swiper-pagination\"><\/div>\n\t\t\t\t\t\t\t\t\t<\/div>\n\t\t\t\t\t\t<\/div>\n\t\t\t\t<\/div>\n\t\t\t\t<section class=\"elementor-section elementor-inner-section elementor-element elementor-element-de864f7 fondo-color1 elementor-section-boxed elementor-section-height-default elementor-section-height-default\" data-id=\"de864f7\" data-element_type=\"section\" data-e-type=\"section\">\n\t\t\t\t\t\t<div class=\"elementor-container elementor-column-gap-default\">\n\t\t\t\t\t<div class=\"elementor-column elementor-col-100 elementor-inner-column elementor-element elementor-element-957e9a8\" data-id=\"957e9a8\" data-element_type=\"column\" data-e-type=\"column\">\n\t\t\t<div class=\"elementor-widget-wrap elementor-element-populated\">\n\t\t\t\t\t\t<div class=\"elementor-element elementor-element-532085b elementor-widget elementor-widget-heading\" data-id=\"532085b\" data-element_type=\"widget\" data-e-type=\"widget\" data-widget_type=\"heading.default\">\n\t\t\t\t<div class=\"elementor-widget-container\">\n\t\t\t\t\t<h3 class=\"elementor-heading-title elementor-size-default\">La intangible<\/h3>\t\t\t\t<\/div>\n\t\t\t\t<\/div>\n\t\t\t\t<div class=\"elementor-element elementor-element-782535d txt-2cols elementor-widget elementor-widget-text-editor\" data-id=\"782535d\" data-element_type=\"widget\" data-e-type=\"widget\" data-widget_type=\"text-editor.default\">\n\t\t\t\t<div class=\"elementor-widget-container\">\n\t\t\t\t\t\t\t\t\t<p>Estoy en mi casa en M\u00e9xico, sentada en mi mesa, mirando la luna azul que est\u00e1 rodeada de los rayos del sol que emergen de ella por detr\u00e1s, es el respaldo de la silla vac\u00eda que se ubica enfrente m\u00edo, la luna es abrazadora del sol, como la de mis d\u00edas juveniles y los de Nora. Trato de escribir sobre Nora\u2026 la querida Nora \u2026Tengo que desdecir mucha historia y remontarme hasta casi 40 a\u00f1os cuando \u00e9ramos dos j\u00f3venes estudiantes y re\u00edamos y goz\u00e1bamos tomando mate, escuchando tangos y devor\u00e1ndonos los libros.<br \/>Quiz\u00e1 deba comenzar por recordar las noches trasnochadas en d\u00f3nde estudi\u00e1bamos medicina interna, todo esto con el fin de que si por cualquier motivo los milicos de mierda se decid\u00edan y abr\u00edan la universidad por unos d\u00edas pudi\u00e9ramos rendir aunque fuera una materia\u2026ya nos faltaba tan poco para lograr el tan ansiado t\u00edtulo.<br \/>O tal vez deba recordarte el d\u00eda que fuiste a avisarme que me fuera de la casa, que me estaban buscando y yo necia en que no hab\u00eda ning\u00fan motivo por el cual me tuviera que salir. Pero en un momento tocaste el punto m\u00e1s vulnerable&#8230;mi hijo, y entonces me pediste que por \u00e9l deb\u00eda dejar la casa&#8230;hazlo-dijiste- al menos por unos d\u00edas hasta que las cosas se calmen un poco.<br \/>Terminaste diciendo, &#8211; Recuerda que hay un compa\u00f1ero que est\u00e1 arriesgando su vida por la informaci\u00f3n que te doy, el est\u00e1 barriendo el piso en el cuartel de las tres A y pudo memorizar tu<br \/>nombre y el de dos compa\u00f1eros a los que van a ir a allanarles el domicilio\u2026hazme caso porque no puedo perder tiempo tratando de convencerte, debo ir a avisarles a los otros y no los conozco, por<br \/>lo tanto, debo averiguar donde viven y eso lleva tiempo y esto urge-.<br \/>Hay Nora&#8230;Nora, me salvaste la vida\u2026si yo estoy viva es porque Nora me salv\u00f3 de: que me mataran? me torturaran? Me encarcelaran? Me desaparecieran? O quien sabe que otra atrocidad<br \/>hubieran hecho conmigo.<br \/>Y que hubiera sido de mi hijo, a quien tambi\u00e9n le salvaste la vida, lo hubieran desaparecido? Lo hubiesen dado a un familiar de los represores? con el prop\u00f3sito de que se lo apropiara para<br \/>formar un \u201cbuen ciudadano\u201d capaz en veinte a\u00f1os de arremeter contra la gente que al igual que su madre pensara que la injusticia social deb\u00eda desaparecer.<br \/>Lo que le sigui\u00f3 a aquella noche tan siniestra fue tan dispar, tan inesperado, el destino jug\u00f3 con nuestras vidas y de una forma mucho m\u00e1s cruel contigo.<br \/>No nos volvimos a ver nunca m\u00e1s &#8230; nunca, y sin embargo\u2026<br \/>Te recuerdo Nora, joven, vigorosa, vehemente en tus pensamientos dispuesta a dejar todo en tu lucha contra la injusticia, en defensa de los marginados y adherida a la causa m\u00e1s noble de apoyar<br \/>a los m\u00e1s desprotegidos.<br \/>Nora&#8230;querida Nora \u00bfqu\u00e9 tantas cosas pasaste? \u00bfD\u00f3nde dejaron tu cuerpo? \u00bfQu\u00e9 hicieron con tu sonrisa? \u00bfCon tus sue\u00f1os? \u00bfCon tus esperanzas?<br \/>Independientemente de lo que hayan hecho con tu cuerpo, vives en mi recuerdo por siempre, vives y revives hoy en cada joven libre que transita por las arboladas calles de La Plata, vives en los pensamientos de tus compa\u00f1eros, vives en las charlas de tus amigos, en fin vives en cada pedacito de esa tierra por la que luchaste y por la que entregaste tu vida, vives y revives continuamente&#8230;.<br \/>Un abrazo grande hacia la eternidad mi querida e intangible Nora.<\/p>\t\t\t\t\t\t\t\t<\/div>\n\t\t\t\t<\/div>\n\t\t\t\t<div class=\"elementor-element elementor-element-90bae4f elementor-widget elementor-widget-text-editor\" data-id=\"90bae4f\" data-element_type=\"widget\" data-e-type=\"widget\" data-widget_type=\"text-editor.default\">\n\t\t\t\t<div class=\"elementor-widget-container\">\n\t\t\t\t\t\t\t\t\t<p style=\"text-align: right;\"><strong>Marta Foglia <\/strong><\/p>\t\t\t\t\t\t\t\t<\/div>\n\t\t\t\t<\/div>\n\t\t\t\t\t<\/div>\n\t\t<\/div>\n\t\t\t\t\t<\/div>\n\t\t<\/section>\n\t\t\t\t<section class=\"elementor-section elementor-inner-section elementor-element elementor-element-9786c98 fondo-color2 elementor-section-boxed elementor-section-height-default elementor-section-height-default\" data-id=\"9786c98\" data-element_type=\"section\" data-e-type=\"section\">\n\t\t\t\t\t\t<div class=\"elementor-container elementor-column-gap-default\">\n\t\t\t\t\t<div class=\"elementor-column elementor-col-100 elementor-inner-column elementor-element elementor-element-9a54316\" data-id=\"9a54316\" data-element_type=\"column\" data-e-type=\"column\">\n\t\t\t<div class=\"elementor-widget-wrap elementor-element-populated\">\n\t\t\t\t\t\t<div class=\"elementor-element elementor-element-fc232fe elementor-widget elementor-widget-heading\" data-id=\"fc232fe\" data-element_type=\"widget\" data-e-type=\"widget\" data-widget_type=\"heading.default\">\n\t\t\t\t<div class=\"elementor-widget-container\">\n\t\t\t\t\t<h3 class=\"elementor-heading-title elementor-size-default\">As\u00ed amaron<\/h3>\t\t\t\t<\/div>\n\t\t\t\t<\/div>\n\t\t\t\t<div class=\"elementor-element elementor-element-568ff66 txt-2cols elementor-widget elementor-widget-text-editor\" data-id=\"568ff66\" data-element_type=\"widget\" data-e-type=\"widget\" data-widget_type=\"text-editor.default\">\n\t\t\t\t<div class=\"elementor-widget-container\">\n\t\t\t\t\t\t\t\t\t<p>Uno no tiene amigos, tiene hermanos de la vida, se los disfruta, se los ama, se los llora y recuerda con una sonrisa cuando se ausentan&#8230;<br \/>Nos conocimos en el Poli, en la sala segunda, en dos semanas hab\u00edamos compartido apuntes, pacientes, diagn\u00f3sticos, risas, secretos, sanguchitos, proyectos y esperanzas y&#8230;al Flaco Karis&#8230; \u00e9l<br \/>era tu amigo&#8230;aunque tus ojos lo miraban embobada&#8230;<br \/>En poco tiempo, nos instalamos a estudiar en tu casa, donde Alicia nos envolv\u00eda con su ternura, su caf\u00e9 calentito y el pan con miel!!<br \/>Donde tu &#8220;hermanita&#8221; (la menor) iluminaba el lugar con su sonrisa franca. Ten\u00edan casi la misma edad, la ve\u00edas como m\u00e1s chica, aunque la flaquita era m\u00e1s l\u00facida que vos y yo juntas!!<br \/>El flaco se sumaba a estudiar alto, rubio, despeinado, con la mirada l\u00edmpida y el alma transparente, como no enamorarse&#8230;Dif\u00edcil el Flaquito, te segu\u00eda a todas partes&#8230;pero&#8230;nada&#8230;<br \/>Acord\u00e1te de nuestro humor negro, tan com\u00fan en Medicina. Nos hab\u00edamos prometido que cuando estuvi\u00e9ramos bien flacas (cosa que solo pod\u00eda suceder en caso de enfermedad terminal) nos<br \/>comprar\u00edamos un vestido acampanado plisado, el tuyo blanco, el m\u00edo rojo bermell\u00f3n. Lo dec\u00edamos y nos re\u00edamos a carcajadas!!<br \/>Alicia se enojaba con la broma &#8220;Chicas!! con eso no se juega!!&#8221;<br \/>Ella no sab\u00eda que en poco tiempo en nuestro amado pa\u00eds se jugar\u00eda con la vida de miles de personas, mientras se diezmaban familias enteras.<br \/>No imagin\u00e1bamos que una de esas familias ser\u00eda la tuya.<br \/>No lo sab\u00edamos&#8230;era el tiempo de verbos en infinitivo AMAR, RE\u00cdR, AMAR, CANTAR, AMAR,<br \/>ESTUDIAR, AMAR, CURSAR, AMAR, PROYECTAR, AMAR, SO\u00d1AR&#8230;<br \/>AMAR AL PR\u00d3JIMO COMO A TI MISMO AMARLO HASTA QUE DUELA&#8230;<br \/>AS\u00cd AMARON&#8230;pero eso es otra parte de la historia&#8230;<br \/>Te querr\u00e9 siempre Hermana\u00a0<\/p>\t\t\t\t\t\t\t\t<\/div>\n\t\t\t\t<\/div>\n\t\t\t\t<div class=\"elementor-element elementor-element-76c6e2a elementor-widget elementor-widget-text-editor\" data-id=\"76c6e2a\" data-element_type=\"widget\" data-e-type=\"widget\" data-widget_type=\"text-editor.default\">\n\t\t\t\t<div class=\"elementor-widget-container\">\n\t\t\t\t\t\t\t\t\t<p style=\"text-align: right;\"><strong>Susana de Iraola <\/strong><\/p>\t\t\t\t\t\t\t\t<\/div>\n\t\t\t\t<\/div>\n\t\t\t\t\t<\/div>\n\t\t<\/div>\n\t\t\t\t\t<\/div>\n\t\t<\/section>\n\t\t\t\t<section class=\"elementor-section elementor-inner-section elementor-element elementor-element-30ecb03 elementor-section-boxed elementor-section-height-default elementor-section-height-default\" data-id=\"30ecb03\" data-element_type=\"section\" data-e-type=\"section\">\n\t\t\t\t\t\t<div class=\"elementor-container elementor-column-gap-default\">\n\t\t\t\t\t<div class=\"elementor-column elementor-col-50 elementor-inner-column elementor-element elementor-element-ce9d5d7\" data-id=\"ce9d5d7\" data-element_type=\"column\" data-e-type=\"column\">\n\t\t\t<div class=\"elementor-widget-wrap elementor-element-populated\">\n\t\t\t\t\t\t<div class=\"elementor-element elementor-element-3c7dd91 elementor-widget elementor-widget-heading\" data-id=\"3c7dd91\" data-element_type=\"widget\" data-e-type=\"widget\" data-widget_type=\"heading.default\">\n\t\t\t\t<div class=\"elementor-widget-container\">\n\t\t\t\t\t<h3 class=\"elementor-heading-title elementor-size-default\">Amiga del alma<\/h3>\t\t\t\t<\/div>\n\t\t\t\t<\/div>\n\t\t\t\t<div class=\"elementor-element elementor-element-b3bb3b6 elementor-widget elementor-widget-text-editor\" data-id=\"b3bb3b6\" data-element_type=\"widget\" data-e-type=\"widget\" data-widget_type=\"text-editor.default\">\n\t\t\t\t<div class=\"elementor-widget-container\">\n\t\t\t\t\t\t\t\t\t<p>Llevaba el pelo enroscado<br \/>en una guirnalda de azaleas rosadas.<br \/>Hasta la cintura.<br \/>Hab\u00eda llegado de un prolongado viaje<br \/>por mundos que yo ignoraba.<br \/>Todo ignoraba.<br \/>La abrac\u00e9, sent\u00ed sus formas, su volumen blando,<br \/>su tibieza, el olor de antes.<br \/>Todo de repente.<br \/>Est\u00e1s igual, hermana \u2013 le dije.<br \/>Se me est\u00e1 cayendo el pelo- contest\u00f3.<br \/>Fue un instante su visita. Lo que dura un sue\u00f1o<br \/>Muchas veces fue as\u00ed. \u00bfD\u00f3nde est\u00e1s?<br \/>Al d\u00eda siguiente me colgaban las penas de la clav\u00edcula.<br \/>La piedra rod\u00f3 hasta el est\u00f3mago.<br \/>Y vos ausente. Huecos.<\/p>\t\t\t\t\t\t\t\t<\/div>\n\t\t\t\t<\/div>\n\t\t\t\t<div class=\"elementor-element elementor-element-d930e35 elementor-widget elementor-widget-text-editor\" data-id=\"d930e35\" data-element_type=\"widget\" data-e-type=\"widget\" data-widget_type=\"text-editor.default\">\n\t\t\t\t<div class=\"elementor-widget-container\">\n\t\t\t\t\t\t\t\t\t<p><strong>De Edith\/ 2006 <\/strong><\/p>\t\t\t\t\t\t\t\t<\/div>\n\t\t\t\t<\/div>\n\t\t\t\t\t<\/div>\n\t\t<\/div>\n\t\t\t\t<div class=\"elementor-column elementor-col-50 elementor-inner-column elementor-element elementor-element-400888e\" data-id=\"400888e\" data-element_type=\"column\" data-e-type=\"column\">\n\t\t\t<div class=\"elementor-widget-wrap elementor-element-populated\">\n\t\t\t\t\t\t<div class=\"elementor-element elementor-element-c13086f elementor-widget elementor-widget-heading\" data-id=\"c13086f\" data-element_type=\"widget\" data-e-type=\"widget\" data-widget_type=\"heading.default\">\n\t\t\t\t<div class=\"elementor-widget-container\">\n\t\t\t\t\t<h3 class=\"elementor-heading-title elementor-size-default\">Conjuro<\/h3>\t\t\t\t<\/div>\n\t\t\t\t<\/div>\n\t\t\t\t<div class=\"elementor-element elementor-element-1e73f52 elementor-widget elementor-widget-text-editor\" data-id=\"1e73f52\" data-element_type=\"widget\" data-e-type=\"widget\" data-widget_type=\"text-editor.default\">\n\t\t\t\t<div class=\"elementor-widget-container\">\n\t\t\t\t\t\t\t\t\t<p>Del mimbre florecido, parece que brotar\u00e1<br \/>un sol que sangra abejas sobre las Diagonales<br \/>atrapan en su sombra los tilos, sue\u00f1os y fantas\u00edas,<br \/>y las rondas vividas y las horas inquietas de la espera.<br \/>Te invoco y al m\u00e1gico conjuro de tu nombre<br \/>se acercan nuevamente, esas tardes sedientas del est\u00edo.<br \/>Siento tu mano amiga ahuecarse en la m\u00eda<br \/>en instante fugada de la rueca hiladora de inocencias&#8230;<br \/>El roce me despoja del miedo al laberinto,<br \/>me inunda en el sonido de los libros crujientes,<br \/>mientras gira el destino su rueda de madera.<br \/>Huelo sobre el asfalto, la amenaza feroz,<br \/>de esos perros de presa&#8230;<br \/>Me punza en la garganta el terror repetido<br \/>hasta el vuelo final de despedida,<br \/>hacia el oculto sitio donde el cuerpo descansa,<br \/>descansa &#8230;olvida&#8230;descansa<br \/>Buscare ese lugar hasta encontrarlo&#8230;<br \/>Estar\u00e1s esperando&#8230;<br \/>llegar\u00e9 con ajado disfraz de mundo viejo&#8230;<br \/>Cuando la vida calle suspiros transparentes<br \/>y el color se transforme en astillas de aire&#8230;<br \/>llegar\u00e9 en el momento donde dude la noche<br \/>para que retomemos desbordadas al alba<br \/>aqu\u00e9l viejo camino en diagonal del Bosque.<\/p>\t\t\t\t\t\t\t\t<\/div>\n\t\t\t\t<\/div>\n\t\t\t\t<div class=\"elementor-element elementor-element-37d9f0f elementor-widget elementor-widget-text-editor\" data-id=\"37d9f0f\" data-element_type=\"widget\" data-e-type=\"widget\" data-widget_type=\"text-editor.default\">\n\t\t\t\t<div class=\"elementor-widget-container\">\n\t\t\t\t\t\t\t\t\t<p style=\"text-align: left;\"><strong>Susana de Iraola<\/strong><\/p>\t\t\t\t\t\t\t\t<\/div>\n\t\t\t\t<\/div>\n\t\t\t\t\t<\/div>\n\t\t<\/div>\n\t\t\t\t\t<\/div>\n\t\t<\/section>\n\t\t\t\t<section class=\"elementor-section elementor-inner-section elementor-element elementor-element-f82e702 elementor-section-boxed elementor-section-height-default elementor-section-height-default\" data-id=\"f82e702\" data-element_type=\"section\" data-e-type=\"section\" data-settings=\"{&quot;background_background&quot;:&quot;classic&quot;}\">\n\t\t\t\t\t\t<div class=\"elementor-container elementor-column-gap-default\">\n\t\t\t\t\t<div class=\"elementor-column elementor-col-50 elementor-inner-column elementor-element elementor-element-848d60b\" data-id=\"848d60b\" data-element_type=\"column\" data-e-type=\"column\">\n\t\t\t<div class=\"elementor-widget-wrap elementor-element-populated\">\n\t\t\t\t\t\t<div class=\"elementor-element elementor-element-d31d298 elementor-widget elementor-widget-image\" data-id=\"d31d298\" data-element_type=\"widget\" data-e-type=\"widget\" data-widget_type=\"image.default\">\n\t\t\t\t<div class=\"elementor-widget-container\">\n\t\t\t\t\t\t\t\t\t\t\t\t\t\t\t<img fetchpriority=\"high\" decoding=\"async\" width=\"548\" height=\"763\" src=\"https:\/\/memoriadelasvictorias.com\/wp-content\/uploads\/2023\/06\/nora-pintura.jpg\" class=\"attachment-large size-large wp-image-618\" alt=\"\" srcset=\"https:\/\/memoriadelasvictorias.com\/wp-content\/uploads\/2023\/06\/nora-pintura.jpg 548w, https:\/\/memoriadelasvictorias.com\/wp-content\/uploads\/2023\/06\/nora-pintura-215x300.jpg 215w\" sizes=\"(max-width: 548px) 100vw, 548px\" \/>\t\t\t\t\t\t\t\t\t\t\t\t\t\t\t<\/div>\n\t\t\t\t<\/div>\n\t\t\t\t\t<\/div>\n\t\t<\/div>\n\t\t\t\t<div class=\"elementor-column elementor-col-50 elementor-inner-column elementor-element elementor-element-28e60b7\" data-id=\"28e60b7\" data-element_type=\"column\" data-e-type=\"column\">\n\t\t\t<div class=\"elementor-widget-wrap elementor-element-populated\">\n\t\t\t\t\t\t<div class=\"elementor-element elementor-element-fa666f6 elementor-widget elementor-widget-heading\" data-id=\"fa666f6\" data-element_type=\"widget\" data-e-type=\"widget\" data-widget_type=\"heading.default\">\n\t\t\t\t<div class=\"elementor-widget-container\">\n\t\t\t\t\t<h3 class=\"elementor-heading-title elementor-size-default\">Los Due\u00f1os de la Tierra<\/h3>\t\t\t\t<\/div>\n\t\t\t\t<\/div>\n\t\t\t\t<div class=\"elementor-element elementor-element-1536f17 elementor-widget elementor-widget-text-editor\" data-id=\"1536f17\" data-element_type=\"widget\" data-e-type=\"widget\" data-widget_type=\"text-editor.default\">\n\t\t\t\t<div class=\"elementor-widget-container\">\n\t\t\t\t\t\t\t\t\t<p>\u201cLos Due\u00f1os de la Tierra &#8221; fue hecha en 1972. En el 1971 nos conocimos con Nora\u2026<br \/>&#8220;NORA&#8230;hermana ausente&#8230;juntas compartimos el sue\u00f1o de recibirnos e irnos a<br \/>trabajar al sur con los mapuches o al norte con los tobas o los wichis. En mayo del<br \/>1973 concrete mi relaci\u00f3n con mi compa\u00f1ero de la vida. As\u00ed conociste \u00e9sta imagen<br \/>que te encantaba, porque expresaba la indoam\u00e9rica con la que nos ilusion\u00e1bamos\u2026<br \/>por eso la rescatamos del empolvado cofre donde duermen las risas y las l\u00e1grimas&#8230;&#8221;<br \/><br \/><strong>Susana de Iraola y Cacho Bellini<\/strong><\/p>\t\t\t\t\t\t\t\t<\/div>\n\t\t\t\t<\/div>\n\t\t\t\t\t<\/div>\n\t\t<\/div>\n\t\t\t\t\t<\/div>\n\t\t<\/section>\n\t\t\t\t\t<\/div>\n\t\t<\/div>\n\t\t\t\t\t<\/div>\n\t\t<\/section>\n\t\t\t\t<\/div>\n\t\t","protected":false},"excerpt":{"rendered":"<p>Nora Alicia Larrubia Previous image Next image La intangible Estoy en mi casa en M\u00e9xico, sentada en mi mesa, mirando la luna azul que est\u00e1 rodeada de los rayos del sol que emergen de ella por detr\u00e1s, es el respaldo de la silla vac\u00eda que se ubica enfrente m\u00edo, la luna es abrazadora del sol, [&hellip;]<\/p>\n","protected":false},"author":1,"featured_media":0,"parent":132,"menu_order":0,"comment_status":"closed","ping_status":"closed","template":"","meta":{"site-sidebar-layout":"no-sidebar","site-content-layout":"page-builder","ast-site-content-layout":"default","site-content-style":"default","site-sidebar-style":"default","ast-global-header-display":"","ast-banner-title-visibility":"","ast-main-header-display":"","ast-hfb-above-header-display":"","ast-hfb-below-header-display":"","ast-hfb-mobile-header-display":"","site-post-title":"disabled","ast-breadcrumbs-content":"","ast-featured-img":"disabled","footer-sml-layout":"","ast-disable-related-posts":"","theme-transparent-header-meta":"","adv-header-id-meta":"","stick-header-meta":"","header-above-stick-meta":"","header-main-stick-meta":"","header-below-stick-meta":"","astra-migrate-meta-layouts":"default","ast-page-background-enabled":"default","ast-page-background-meta":{"desktop":{"background-color":"var(--ast-global-color-4)","background-image":"","background-repeat":"repeat","background-position":"center center","background-size":"auto","background-attachment":"scroll","background-type":"","background-media":"","overlay-type":"","overlay-color":"","overlay-opacity":"","overlay-gradient":""},"tablet":{"background-color":"","background-image":"","background-repeat":"repeat","background-position":"center center","background-size":"auto","background-attachment":"scroll","background-type":"","background-media":"","overlay-type":"","overlay-color":"","overlay-opacity":"","overlay-gradient":""},"mobile":{"background-color":"","background-image":"","background-repeat":"repeat","background-position":"center center","background-size":"auto","background-attachment":"scroll","background-type":"","background-media":"","overlay-type":"","overlay-color":"","overlay-opacity":"","overlay-gradient":""}},"ast-content-background-meta":{"desktop":{"background-color":"var(--ast-global-color-5)","background-image":"","background-repeat":"repeat","background-position":"center center","background-size":"auto","background-attachment":"scroll","background-type":"","background-media":"","overlay-type":"","overlay-color":"","overlay-opacity":"","overlay-gradient":""},"tablet":{"background-color":"var(--ast-global-color-5)","background-image":"","background-repeat":"repeat","background-position":"center center","background-size":"auto","background-attachment":"scroll","background-type":"","background-media":"","overlay-type":"","overlay-color":"","overlay-opacity":"","overlay-gradient":""},"mobile":{"background-color":"var(--ast-global-color-5)","background-image":"","background-repeat":"repeat","background-position":"center center","background-size":"auto","background-attachment":"scroll","background-type":"","background-media":"","overlay-type":"","overlay-color":"","overlay-opacity":"","overlay-gradient":""}},"footnotes":""},"class_list":["post-372","page","type-page","status-publish","hentry"],"_links":{"self":[{"href":"https:\/\/memoriadelasvictorias.com\/index.php\/wp-json\/wp\/v2\/pages\/372","targetHints":{"allow":["GET"]}}],"collection":[{"href":"https:\/\/memoriadelasvictorias.com\/index.php\/wp-json\/wp\/v2\/pages"}],"about":[{"href":"https:\/\/memoriadelasvictorias.com\/index.php\/wp-json\/wp\/v2\/types\/page"}],"author":[{"embeddable":true,"href":"https:\/\/memoriadelasvictorias.com\/index.php\/wp-json\/wp\/v2\/users\/1"}],"replies":[{"embeddable":true,"href":"https:\/\/memoriadelasvictorias.com\/index.php\/wp-json\/wp\/v2\/comments?post=372"}],"version-history":[{"count":25,"href":"https:\/\/memoriadelasvictorias.com\/index.php\/wp-json\/wp\/v2\/pages\/372\/revisions"}],"predecessor-version":[{"id":804,"href":"https:\/\/memoriadelasvictorias.com\/index.php\/wp-json\/wp\/v2\/pages\/372\/revisions\/804"}],"up":[{"embeddable":true,"href":"https:\/\/memoriadelasvictorias.com\/index.php\/wp-json\/wp\/v2\/pages\/132"}],"wp:attachment":[{"href":"https:\/\/memoriadelasvictorias.com\/index.php\/wp-json\/wp\/v2\/media?parent=372"}],"curies":[{"name":"wp","href":"https:\/\/api.w.org\/{rel}","templated":true}]}}