{"id":364,"date":"2023-06-19T21:56:42","date_gmt":"2023-06-20T00:56:42","guid":{"rendered":"https:\/\/memoriadelasvictorias.com\/?page_id=364"},"modified":"2023-07-04T14:19:28","modified_gmt":"2023-07-04T17:19:28","slug":"diego","status":"publish","type":"page","link":"https:\/\/memoriadelasvictorias.com\/index.php\/indice\/nuestrxs-desaparecidxs\/diego\/","title":{"rendered":"Diego"},"content":{"rendered":"\t\t<div data-elementor-type=\"wp-page\" data-elementor-id=\"364\" class=\"elementor elementor-364\">\n\t\t\t\t\t\t<section class=\"elementor-section elementor-top-section elementor-element elementor-element-ab80ec5 elementor-section-boxed elementor-section-height-default elementor-section-height-default\" data-id=\"ab80ec5\" data-element_type=\"section\" data-e-type=\"section\">\n\t\t\t\t\t\t<div class=\"elementor-container elementor-column-gap-default\">\n\t\t\t\t\t<div class=\"elementor-column elementor-col-100 elementor-top-column elementor-element elementor-element-a9c22b3\" data-id=\"a9c22b3\" data-element_type=\"column\" data-e-type=\"column\">\n\t\t\t<div class=\"elementor-widget-wrap elementor-element-populated\">\n\t\t\t\t\t\t<div class=\"elementor-element elementor-element-20d5f04 elementor-widget elementor-widget-heading\" data-id=\"20d5f04\" data-element_type=\"widget\" data-e-type=\"widget\" data-widget_type=\"heading.default\">\n\t\t\t\t<div class=\"elementor-widget-container\">\n\t\t\t\t\t<h2 class=\"elementor-heading-title elementor-size-default\">Diego Arturo Salas<\/h2>\t\t\t\t<\/div>\n\t\t\t\t<\/div>\n\t\t\t\t<section class=\"elementor-section elementor-inner-section elementor-element elementor-element-e4b5e59 elementor-section-boxed elementor-section-height-default elementor-section-height-default\" data-id=\"e4b5e59\" data-element_type=\"section\" data-e-type=\"section\">\n\t\t\t\t\t\t<div class=\"elementor-container elementor-column-gap-default\">\n\t\t\t\t\t<div class=\"elementor-column elementor-col-100 elementor-inner-column elementor-element elementor-element-b3d1582\" data-id=\"b3d1582\" data-element_type=\"column\" data-e-type=\"column\">\n\t\t\t<div class=\"elementor-widget-wrap elementor-element-populated\">\n\t\t\t\t\t\t<div class=\"elementor-element elementor-element-2670cce elementor-arrows-position-inside elementor-pagination-position-outside elementor-widget elementor-widget-image-carousel\" data-id=\"2670cce\" data-element_type=\"widget\" data-e-type=\"widget\" data-settings=\"{&quot;slides_to_show&quot;:&quot;2&quot;,&quot;autoplay&quot;:&quot;no&quot;,&quot;navigation&quot;:&quot;both&quot;,&quot;infinite&quot;:&quot;yes&quot;,&quot;speed&quot;:500,&quot;image_spacing_custom&quot;:{&quot;unit&quot;:&quot;px&quot;,&quot;size&quot;:20,&quot;sizes&quot;:[]},&quot;image_spacing_custom_tablet&quot;:{&quot;unit&quot;:&quot;px&quot;,&quot;size&quot;:&quot;&quot;,&quot;sizes&quot;:[]},&quot;image_spacing_custom_mobile&quot;:{&quot;unit&quot;:&quot;px&quot;,&quot;size&quot;:&quot;&quot;,&quot;sizes&quot;:[]}}\" data-widget_type=\"image-carousel.default\">\n\t\t\t\t<div class=\"elementor-widget-container\">\n\t\t\t\t\t\t\t<div class=\"elementor-image-carousel-wrapper swiper\" role=\"region\" aria-roledescription=\"carousel\" aria-label=\"Carrusel de im\u00e1genes\" dir=\"ltr\">\n\t\t\t<div class=\"elementor-image-carousel swiper-wrapper\" aria-live=\"polite\">\n\t\t\t\t\t\t\t\t<div class=\"swiper-slide\" role=\"group\" aria-roledescription=\"slide\" aria-label=\"1 of 4\"><figure class=\"swiper-slide-inner\"><img decoding=\"async\" class=\"swiper-slide-image\" src=\"https:\/\/memoriadelasvictorias.com\/wp-content\/uploads\/2023\/07\/elisa1.jpg\" alt=\"elisa1\" \/><\/figure><\/div><div class=\"swiper-slide\" role=\"group\" aria-roledescription=\"slide\" aria-label=\"2 of 4\"><figure class=\"swiper-slide-inner\"><img decoding=\"async\" class=\"swiper-slide-image\" src=\"https:\/\/memoriadelasvictorias.com\/wp-content\/uploads\/2023\/07\/diego2.jpg\" alt=\"diego2\" \/><\/figure><\/div><div class=\"swiper-slide\" role=\"group\" aria-roledescription=\"slide\" aria-label=\"3 of 4\"><figure class=\"swiper-slide-inner\"><img decoding=\"async\" class=\"swiper-slide-image\" src=\"https:\/\/memoriadelasvictorias.com\/wp-content\/uploads\/2023\/07\/diego3.jpg\" alt=\"diego3\" \/><\/figure><\/div><div class=\"swiper-slide\" role=\"group\" aria-roledescription=\"slide\" aria-label=\"4 of 4\"><figure class=\"swiper-slide-inner\"><img decoding=\"async\" class=\"swiper-slide-image\" src=\"https:\/\/memoriadelasvictorias.com\/wp-content\/uploads\/2023\/07\/diego4.jpg\" alt=\"diego4\" \/><\/figure><\/div>\t\t\t<\/div>\n\t\t\t\t\t\t\t\t\t\t\t\t<div class=\"elementor-swiper-button elementor-swiper-button-prev\" role=\"button\" tabindex=\"0\">\n\t\t\t\t\t\t<i aria-hidden=\"true\" class=\"eicon-chevron-left\"><\/i>\t\t\t\t\t<\/div>\n\t\t\t\t\t<div class=\"elementor-swiper-button elementor-swiper-button-next\" role=\"button\" tabindex=\"0\">\n\t\t\t\t\t\t<i aria-hidden=\"true\" class=\"eicon-chevron-right\"><\/i>\t\t\t\t\t<\/div>\n\t\t\t\t\n\t\t\t\t\t\t\t\t\t<div class=\"swiper-pagination\"><\/div>\n\t\t\t\t\t\t\t\t\t<\/div>\n\t\t\t\t\t\t<\/div>\n\t\t\t\t<\/div>\n\t\t\t\t\t<\/div>\n\t\t<\/div>\n\t\t\t\t\t<\/div>\n\t\t<\/section>\n\t\t\t\t<section class=\"elementor-section elementor-inner-section elementor-element elementor-element-aca8d03 fondo-color1 elementor-section-boxed elementor-section-height-default elementor-section-height-default\" data-id=\"aca8d03\" data-element_type=\"section\" data-e-type=\"section\">\n\t\t\t\t\t\t<div class=\"elementor-container elementor-column-gap-default\">\n\t\t\t\t\t<div class=\"elementor-column elementor-col-100 elementor-inner-column elementor-element elementor-element-1afe1c4\" data-id=\"1afe1c4\" data-element_type=\"column\" data-e-type=\"column\">\n\t\t\t<div class=\"elementor-widget-wrap elementor-element-populated\">\n\t\t\t\t\t\t<div class=\"elementor-element elementor-element-a174542 elementor-widget elementor-widget-heading\" data-id=\"a174542\" data-element_type=\"widget\" data-e-type=\"widget\" data-widget_type=\"heading.default\">\n\t\t\t\t<div class=\"elementor-widget-container\">\n\t\t\t\t\t<h3 class=\"elementor-heading-title elementor-size-default\">Cantaba lindo y con sentimiento<\/h3>\t\t\t\t<\/div>\n\t\t\t\t<\/div>\n\t\t\t\t<div class=\"elementor-element elementor-element-7290639 txt-2cols elementor-widget elementor-widget-text-editor\" data-id=\"7290639\" data-element_type=\"widget\" data-e-type=\"widget\" data-widget_type=\"text-editor.default\">\n\t\t\t\t<div class=\"elementor-widget-container\">\n\t\t\t\t\t\t\t\t\t<p>Lo conozco a Diego en tercer a\u00f1o de la secundaria, \u00e9l llegaba desde Ju\u00e1rez donde hab\u00eda vivido con su familia donde su pap\u00e1 que trabajaba en el Banco Provincia era trasladado regularmente y ahora le tocaba la ciudad de La Plata.<br \/>Aparece en la Escuela y enseguida se hace amigo de los que ven\u00edamos de antes. Conmigo se da que yo era compa\u00f1ero de banco con Patricia Walsh (la hija de Rodolfo Walsh y Diego se sienta con Nora Neves justo detr\u00e1s m\u00edo. Empezamos a conocernos y nos hicimos muy amigos. Charl\u00e1bamos de todo, ten\u00edamos inquietudes similares.<br \/>Era un flaco muy divertido. En esa \u00e9poca yo empec\u00e9 a fumar. Le dec\u00eda fum\u00e1 no seas maric\u00f3n, pero intent\u00f3 y no le gust\u00f3. Tocaba la guitarra, eso le daba un entre muy particular con el sexo opuesto aunque nunca concret\u00f3 nada hasta que conoci\u00f3 a Elisa.<br \/>En la Escuela era buen alumno, era de nota 8 y 9 no 10, nunca se hab\u00eda llevado ninguna materia. Algunas veces intentamos estudiar juntos pero no funcionaba por que estudi\u00e1bamos diferente. Yo menos que \u00e9l.<br \/>Al viaje de fin de curso fuimos en tren a C\u00f3rdoba, Embalse de R\u00edo Tercero. Meta Guitarra. En ese viaje me ense\u00f1\u00f3 algunos acordes con la guitarra y con el bombo hacias unos \u201cEspect\u00e1culos impresionantes\u201d.<br \/>Lo invito a la parroquia y enseguida se hace amigo de todos. Se conjuga con el esp\u00edritu que ten\u00edamos, quer\u00eda intervenir. Empieza a enterarse de todos esos documentos \u201clocos\u201d de la iglesia de entonces (a\u00f1o 1967) y descubre un mundo nuevo para el. Me dec\u00eda \u201csi no me hubieras tra\u00eddo ser\u00eda un ignorante total\u201d. Ser\u00e1 para tanto?<br \/>AI poco tiempo empieza a trabajar en el Hip\u00f3dromo. Yo le dec\u00eda No acomodes los billetes (los pocos que ten\u00edamos) as\u00ed. Todos cara para arriba y me dec\u00eda \u201ces la costumbre de la ventanilla del hip\u00f3dromo.<br \/>Nos toc\u00f3 la colimba juntos. El Padre de Diego tenia un conocido militar y entonces hace que podamos estar juntos en el Regimiento de Comunicaciones 601 de City Bell.<br \/>Empezamos la instrucci\u00f3n y nos acomodamos en la misma compa\u00f1\u00eda. Eran camas de tres pisos yo dorm\u00eda en la del medio y Diego en la mas alta. Sufrimos y nos revel\u00e1bamos charlando entre nosotros sufriendo esa porquer\u00eda que nos tocaba vivir. En un momento dado (al mes) Diego no aguant\u00f3 mas y ese conocido militar lo consigue sacar por un supuesto problema m\u00e9dico (que no exist\u00eda) que lo salv\u00f3 de ese martirio. Yo no ten\u00eda ning\u00fan conocido importante as\u00ed que me chup\u00e9 el a\u00f1o adentro extra\u00f1ando a mis amigos y por supuesto a Diego.<br \/>Luego Diego conoce a Elisa en la Parroquia. Se comprometen tambi\u00e9n con el mundo. Se enamoran y juntos inician el camino&#8230;<br \/>Ese camino hoy son Facundo y Paulita. Diego es el d\u00eda de Hoy que todav\u00eda te extra\u00f1o<\/p>\t\t\t\t\t\t\t\t<\/div>\n\t\t\t\t<\/div>\n\t\t\t\t<div class=\"elementor-element elementor-element-2d1f33f elementor-widget elementor-widget-text-editor\" data-id=\"2d1f33f\" data-element_type=\"widget\" data-e-type=\"widget\" data-widget_type=\"text-editor.default\">\n\t\t\t\t<div class=\"elementor-widget-container\">\n\t\t\t\t\t\t\t\t\t<p style=\"text-align: right;\"><strong>Eduardo Rousy<\/strong><\/p>\t\t\t\t\t\t\t\t<\/div>\n\t\t\t\t<\/div>\n\t\t\t\t\t<\/div>\n\t\t<\/div>\n\t\t\t\t\t<\/div>\n\t\t<\/section>\n\t\t\t\t\t<\/div>\n\t\t<\/div>\n\t\t\t\t\t<\/div>\n\t\t<\/section>\n\t\t\t\t<\/div>\n\t\t","protected":false},"excerpt":{"rendered":"<p>Diego Arturo Salas Previous image Next image Cantaba lindo y con sentimiento Lo conozco a Diego en tercer a\u00f1o de la secundaria, \u00e9l llegaba desde Ju\u00e1rez donde hab\u00eda vivido con su familia donde su pap\u00e1 que trabajaba en el Banco Provincia era trasladado regularmente y ahora le tocaba la ciudad de La Plata.Aparece en la [&hellip;]<\/p>\n","protected":false},"author":1,"featured_media":0,"parent":132,"menu_order":0,"comment_status":"closed","ping_status":"closed","template":"","meta":{"site-sidebar-layout":"no-sidebar","site-content-layout":"page-builder","ast-site-content-layout":"default","site-content-style":"default","site-sidebar-style":"default","ast-global-header-display":"","ast-banner-title-visibility":"","ast-main-header-display":"","ast-hfb-above-header-display":"","ast-hfb-below-header-display":"","ast-hfb-mobile-header-display":"","site-post-title":"disabled","ast-breadcrumbs-content":"","ast-featured-img":"disabled","footer-sml-layout":"","ast-disable-related-posts":"","theme-transparent-header-meta":"","adv-header-id-meta":"","stick-header-meta":"","header-above-stick-meta":"","header-main-stick-meta":"","header-below-stick-meta":"","astra-migrate-meta-layouts":"default","ast-page-background-enabled":"default","ast-page-background-meta":{"desktop":{"background-color":"var(--ast-global-color-4)","background-image":"","background-repeat":"repeat","background-position":"center center","background-size":"auto","background-attachment":"scroll","background-type":"","background-media":"","overlay-type":"","overlay-color":"","overlay-opacity":"","overlay-gradient":""},"tablet":{"background-color":"","background-image":"","background-repeat":"repeat","background-position":"center center","background-size":"auto","background-attachment":"scroll","background-type":"","background-media":"","overlay-type":"","overlay-color":"","overlay-opacity":"","overlay-gradient":""},"mobile":{"background-color":"","background-image":"","background-repeat":"repeat","background-position":"center center","background-size":"auto","background-attachment":"scroll","background-type":"","background-media":"","overlay-type":"","overlay-color":"","overlay-opacity":"","overlay-gradient":""}},"ast-content-background-meta":{"desktop":{"background-color":"var(--ast-global-color-5)","background-image":"","background-repeat":"repeat","background-position":"center center","background-size":"auto","background-attachment":"scroll","background-type":"","background-media":"","overlay-type":"","overlay-color":"","overlay-opacity":"","overlay-gradient":""},"tablet":{"background-color":"var(--ast-global-color-5)","background-image":"","background-repeat":"repeat","background-position":"center center","background-size":"auto","background-attachment":"scroll","background-type":"","background-media":"","overlay-type":"","overlay-color":"","overlay-opacity":"","overlay-gradient":""},"mobile":{"background-color":"var(--ast-global-color-5)","background-image":"","background-repeat":"repeat","background-position":"center center","background-size":"auto","background-attachment":"scroll","background-type":"","background-media":"","overlay-type":"","overlay-color":"","overlay-opacity":"","overlay-gradient":""}},"footnotes":""},"class_list":["post-364","page","type-page","status-publish","hentry"],"_links":{"self":[{"href":"https:\/\/memoriadelasvictorias.com\/index.php\/wp-json\/wp\/v2\/pages\/364","targetHints":{"allow":["GET"]}}],"collection":[{"href":"https:\/\/memoriadelasvictorias.com\/index.php\/wp-json\/wp\/v2\/pages"}],"about":[{"href":"https:\/\/memoriadelasvictorias.com\/index.php\/wp-json\/wp\/v2\/types\/page"}],"author":[{"embeddable":true,"href":"https:\/\/memoriadelasvictorias.com\/index.php\/wp-json\/wp\/v2\/users\/1"}],"replies":[{"embeddable":true,"href":"https:\/\/memoriadelasvictorias.com\/index.php\/wp-json\/wp\/v2\/comments?post=364"}],"version-history":[{"count":13,"href":"https:\/\/memoriadelasvictorias.com\/index.php\/wp-json\/wp\/v2\/pages\/364\/revisions"}],"predecessor-version":[{"id":826,"href":"https:\/\/memoriadelasvictorias.com\/index.php\/wp-json\/wp\/v2\/pages\/364\/revisions\/826"}],"up":[{"embeddable":true,"href":"https:\/\/memoriadelasvictorias.com\/index.php\/wp-json\/wp\/v2\/pages\/132"}],"wp:attachment":[{"href":"https:\/\/memoriadelasvictorias.com\/index.php\/wp-json\/wp\/v2\/media?parent=364"}],"curies":[{"name":"wp","href":"https:\/\/api.w.org\/{rel}","templated":true}]}}

<div data-elementor-type="wp-page" data-elementor-id="364" class="elementor elementor-364">
						<section class="elementor-section elementor-top-section elementor-element elementor-element-ab80ec5 elementor-section-boxed elementor-section-height-default elementor-section-height-default" data-id="ab80ec5" data-element_type="section" data-e-type="section">
						<div class="elementor-container elementor-column-gap-default">
					<div class="elementor-column elementor-col-100 elementor-top-column elementor-element elementor-element-a9c22b3" data-id="a9c22b3" data-element_type="column" data-e-type="column">
			<div class="elementor-widget-wrap elementor-element-populated">
						<div class="elementor-element elementor-element-20d5f04 elementor-widget elementor-widget-heading" data-id="20d5f04" data-element_type="widget" data-e-type="widget" data-widget_type="heading.default">
				<div class="elementor-widget-container">
					<h2 class="elementor-heading-title elementor-size-default">Diego Arturo Salas</h2>				</div>
				</div>
				<section class="elementor-section elementor-inner-section elementor-element elementor-element-e4b5e59 elementor-section-boxed elementor-section-height-default elementor-section-height-default" data-id="e4b5e59" data-element_type="section" data-e-type="section">
						<div class="elementor-container elementor-column-gap-default">
					<div class="elementor-column elementor-col-100 elementor-inner-column elementor-element elementor-element-b3d1582" data-id="b3d1582" data-element_type="column" data-e-type="column">
			<div class="elementor-widget-wrap elementor-element-populated">
						<div class="elementor-element elementor-element-2670cce elementor-arrows-position-inside elementor-pagination-position-outside elementor-widget elementor-widget-image-carousel" data-id="2670cce" data-element_type="widget" data-e-type="widget" data-settings="{&quot;slides_to_show&quot;:&quot;2&quot;,&quot;autoplay&quot;:&quot;no&quot;,&quot;navigation&quot;:&quot;both&quot;,&quot;infinite&quot;:&quot;yes&quot;,&quot;speed&quot;:500,&quot;image_spacing_custom&quot;:{&quot;unit&quot;:&quot;px&quot;,&quot;size&quot;:20,&quot;sizes&quot;:[]},&quot;image_spacing_custom_tablet&quot;:{&quot;unit&quot;:&quot;px&quot;,&quot;size&quot;:&quot;&quot;,&quot;sizes&quot;:[]},&quot;image_spacing_custom_mobile&quot;:{&quot;unit&quot;:&quot;px&quot;,&quot;size&quot;:&quot;&quot;,&quot;sizes&quot;:[]}}" data-widget_type="image-carousel.default">
				<div class="elementor-widget-container">
							<div class="elementor-image-carousel-wrapper swiper" role="region" aria-roledescription="carousel" aria-label="Carrusel de imágenes" dir="ltr">
			<div class="elementor-image-carousel swiper-wrapper" aria-live="polite">
								<div class="swiper-slide" role="group" aria-roledescription="slide" aria-label="1 of 4"><figure class="swiper-slide-inner"><img decoding="async" class="swiper-slide-image" src="https://memoriadelasvictorias.com/wp-content/uploads/2023/07/elisa1.jpg" alt="elisa1" /></figure></div><div class="swiper-slide" role="group" aria-roledescription="slide" aria-label="2 of 4"><figure class="swiper-slide-inner"><img decoding="async" class="swiper-slide-image" src="https://memoriadelasvictorias.com/wp-content/uploads/2023/07/diego2.jpg" alt="diego2" /></figure></div><div class="swiper-slide" role="group" aria-roledescription="slide" aria-label="3 of 4"><figure class="swiper-slide-inner"><img decoding="async" class="swiper-slide-image" src="https://memoriadelasvictorias.com/wp-content/uploads/2023/07/diego3.jpg" alt="diego3" /></figure></div><div class="swiper-slide" role="group" aria-roledescription="slide" aria-label="4 of 4"><figure class="swiper-slide-inner"><img decoding="async" class="swiper-slide-image" src="https://memoriadelasvictorias.com/wp-content/uploads/2023/07/diego4.jpg" alt="diego4" /></figure></div>			</div>
												<div class="elementor-swiper-button elementor-swiper-button-prev" role="button" tabindex="0">
						<i aria-hidden="true" class="eicon-chevron-left"></i>					</div>
					<div class="elementor-swiper-button elementor-swiper-button-next" role="button" tabindex="0">
						<i aria-hidden="true" class="eicon-chevron-right"></i>					</div>
				
									<div class="swiper-pagination"></div>
									</div>
						</div>
				</div>
					</div>
		</div>
					</div>
		</section>
				<section class="elementor-section elementor-inner-section elementor-element elementor-element-aca8d03 fondo-color1 elementor-section-boxed elementor-section-height-default elementor-section-height-default" data-id="aca8d03" data-element_type="section" data-e-type="section">
						<div class="elementor-container elementor-column-gap-default">
					<div class="elementor-column elementor-col-100 elementor-inner-column elementor-element elementor-element-1afe1c4" data-id="1afe1c4" data-element_type="column" data-e-type="column">
			<div class="elementor-widget-wrap elementor-element-populated">
						<div class="elementor-element elementor-element-a174542 elementor-widget elementor-widget-heading" data-id="a174542" data-element_type="widget" data-e-type="widget" data-widget_type="heading.default">
				<div class="elementor-widget-container">
					<h3 class="elementor-heading-title elementor-size-default">Cantaba lindo y con sentimiento</h3>				</div>
				</div>
				<div class="elementor-element elementor-element-7290639 txt-2cols elementor-widget elementor-widget-text-editor" data-id="7290639" data-element_type="widget" data-e-type="widget" data-widget_type="text-editor.default">
				<div class="elementor-widget-container">
									<p>Lo conozco a Diego en tercer año de la secundaria, él llegaba desde Juárez donde había vivido con su familia donde su papá que trabajaba en el Banco Provincia era trasladado regularmente y ahora le tocaba la ciudad de La Plata.<br />Aparece en la Escuela y enseguida se hace amigo de los que veníamos de antes. Conmigo se da que yo era compañero de banco con Patricia Walsh (la hija de Rodolfo Walsh y Diego se sienta con Nora Neves justo detrás mío. Empezamos a conocernos y nos hicimos muy amigos. Charlábamos de todo, teníamos inquietudes similares.<br />Era un flaco muy divertido. En esa época yo empecé a fumar. Le decía fumá no seas maricón, pero intentó y no le gustó. Tocaba la guitarra, eso le daba un entre muy particular con el sexo opuesto aunque nunca concretó nada hasta que conoció a Elisa.<br />En la Escuela era buen alumno, era de nota 8 y 9 no 10, nunca se había llevado ninguna materia. Algunas veces intentamos estudiar juntos pero no funcionaba por que estudiábamos diferente. Yo menos que él.<br />Al viaje de fin de curso fuimos en tren a Córdoba, Embalse de Río Tercero. Meta Guitarra. En ese viaje me enseñó algunos acordes con la guitarra y con el bombo hacias unos “Espectáculos impresionantes”.<br />Lo invito a la parroquia y enseguida se hace amigo de todos. Se conjuga con el espíritu que teníamos, quería intervenir. Empieza a enterarse de todos esos documentos “locos” de la iglesia de entonces (año 1967) y descubre un mundo nuevo para el. Me decía “si no me hubieras traído sería un ignorante total”. Será para tanto?<br />AI poco tiempo empieza a trabajar en el Hipódromo. Yo le decía No acomodes los billetes (los pocos que teníamos) así. Todos cara para arriba y me decía “es la costumbre de la ventanilla del hipódromo.<br />Nos tocó la colimba juntos. El Padre de Diego tenia un conocido militar y entonces hace que podamos estar juntos en el Regimiento de Comunicaciones 601 de City Bell.<br />Empezamos la instrucción y nos acomodamos en la misma compañía. Eran camas de tres pisos yo dormía en la del medio y Diego en la mas alta. Sufrimos y nos revelábamos charlando entre nosotros sufriendo esa porquería que nos tocaba vivir. En un momento dado (al mes) Diego no aguantó mas y ese conocido militar lo consigue sacar por un supuesto problema médico (que no existía) que lo salvó de ese martirio. Yo no tenía ningún conocido importante así que me chupé el año adentro extrañando a mis amigos y por supuesto a Diego.<br />Luego Diego conoce a Elisa en la Parroquia. Se comprometen también con el mundo. Se enamoran y juntos inician el camino&#8230;<br />Ese camino hoy son Facundo y Paulita. Diego es el día de Hoy que todavía te extraño</p>								</div>
				</div>
				<div class="elementor-element elementor-element-2d1f33f elementor-widget elementor-widget-text-editor" data-id="2d1f33f" data-element_type="widget" data-e-type="widget" data-widget_type="text-editor.default">
				<div class="elementor-widget-container">
									<p style="text-align: right;"><strong>Eduardo Rousy</strong></p>								</div>
				</div>
					</div>
		</div>
					</div>
		</section>
					</div>
		</div>
					</div>
		</section>
				</div>

<p>Diego Arturo Salas Previous image Next image Cantaba lindo y con sentimiento Lo conozco a Diego en tercer año de la secundaria, él llegaba desde Juárez donde había vivido con su familia donde su papá que trabajaba en el Banco Provincia era trasladado regularmente y ahora le tocaba la ciudad de La Plata.Aparece en la [&hellip;]</p>
