{"id":136,"date":"2023-06-12T18:57:07","date_gmt":"2023-06-12T21:57:07","guid":{"rendered":"https:\/\/memoriadelasvictorias.com\/?page_id=136"},"modified":"2023-07-07T20:52:09","modified_gmt":"2023-07-07T23:52:09","slug":"la-comunidad-desaparecida","status":"publish","type":"page","link":"https:\/\/memoriadelasvictorias.com\/index.php\/indice\/la-comunidad-desaparecida\/","title":{"rendered":"La comunidad desaparecida"},"content":{"rendered":"\t\t<div data-elementor-type=\"wp-page\" data-elementor-id=\"136\" class=\"elementor elementor-136\">\n\t\t\t\t\t\t<section class=\"elementor-section elementor-top-section elementor-element elementor-element-cc5c9d9 elementor-section-boxed elementor-section-height-default elementor-section-height-default\" data-id=\"cc5c9d9\" data-element_type=\"section\" data-e-type=\"section\">\n\t\t\t\t\t\t<div class=\"elementor-container elementor-column-gap-default\">\n\t\t\t\t\t<div class=\"elementor-column elementor-col-100 elementor-top-column elementor-element elementor-element-98a6d7e\" data-id=\"98a6d7e\" data-element_type=\"column\" data-e-type=\"column\">\n\t\t\t<div class=\"elementor-widget-wrap elementor-element-populated\">\n\t\t\t\t\t\t<div class=\"elementor-element elementor-element-095b849 elementor-widget elementor-widget-heading\" data-id=\"095b849\" data-element_type=\"widget\" data-e-type=\"widget\" data-widget_type=\"heading.default\">\n\t\t\t\t<div class=\"elementor-widget-container\">\n\t\t\t\t\t<h2 class=\"elementor-heading-title elementor-size-default\">La comunidad desaparecida<\/h2>\t\t\t\t<\/div>\n\t\t\t\t<\/div>\n\t\t\t\t<section class=\"elementor-section elementor-inner-section elementor-element elementor-element-4ce8902 elementor-section-boxed elementor-section-height-default elementor-section-height-default\" data-id=\"4ce8902\" data-element_type=\"section\" data-e-type=\"section\">\n\t\t\t\t\t\t<div class=\"elementor-container elementor-column-gap-default\">\n\t\t\t\t\t<div class=\"elementor-column elementor-col-50 elementor-inner-column elementor-element elementor-element-7e245f5\" data-id=\"7e245f5\" data-element_type=\"column\" data-e-type=\"column\">\n\t\t\t<div class=\"elementor-widget-wrap elementor-element-populated\">\n\t\t\t\t\t\t<div class=\"elementor-element elementor-element-069062b elementor-widget elementor-widget-heading\" data-id=\"069062b\" data-element_type=\"widget\" data-e-type=\"widget\" data-widget_type=\"heading.default\">\n\t\t\t\t<div class=\"elementor-widget-container\">\n\t\t\t\t\t<p class=\"elementor-heading-title elementor-size-default\">Por la memoria, reencuentro y homenaje a la comunidad de la Parroquia Nuestra Se\u00f1ora de la Victoria de los a\u00f1os 70<\/p>\t\t\t\t<\/div>\n\t\t\t\t<\/div>\n\t\t\t\t<div class=\"elementor-element elementor-element-94c9fdd elementor-widget elementor-widget-text-editor\" data-id=\"94c9fdd\" data-element_type=\"widget\" data-e-type=\"widget\" data-widget_type=\"text-editor.default\">\n\t\t\t\t<div class=\"elementor-widget-container\">\n\t\t\t\t\t\t\t\t\t<p>\u00bfSab\u00edas que:<br \/>&#8230;La Iglesia que hoy se conoce como Rosa M\u00edstica (54 y 23 en la ciudad de La Plata) se llama Parroquia Nuestra Se\u00f1ora de la Victoria.<br \/>&#8230;Que a partir de la convocatoria del Padre \u201cel Vasco\u201d Bengochea se form\u00f3 all\u00ed una comunidad de miles de personas.<br \/>&#8230;Que a esa Parroquia asist\u00edan ni\u00f1os, adolescentes, j\u00f3venes y adultos organizados en distintas actividades con objetivos que trascend\u00edan lo cotidiano y buscaban la construcci\u00f3n colectiva de una realidad mejor<br \/>&#8230;Que esa comunidad fue disuelta de inmediato cuando la dictadura c\u00edvico-militar usurp\u00f3 el poder en 1976 <br \/>&#8230;Que algunos de sus integrantes se encuentran desaparecidos, y que otros sufrieron c\u00e1rcel durante a\u00f1os sin motivo ni acusaci\u00f3n, a disposici\u00f3n del Poder Ejecutivo Nacional de la Dictadura <br \/>&#8230;Que muchos de ellos tuvieron que exiliarse dentro y fuera del pa\u00eds. <\/p>\t\t\t\t\t\t\t\t<\/div>\n\t\t\t\t<\/div>\n\t\t\t\t\t<\/div>\n\t\t<\/div>\n\t\t\t\t<div class=\"elementor-column elementor-col-50 elementor-inner-column elementor-element elementor-element-d1aeb52\" data-id=\"d1aeb52\" data-element_type=\"column\" data-e-type=\"column\">\n\t\t\t<div class=\"elementor-widget-wrap elementor-element-populated\">\n\t\t\t\t\t\t<div class=\"elementor-element elementor-element-8065f53 elementor-widget elementor-widget-image\" data-id=\"8065f53\" data-element_type=\"widget\" data-e-type=\"widget\" data-widget_type=\"image.default\">\n\t\t\t\t<div class=\"elementor-widget-container\">\n\t\t\t\t\t\t\t\t\t\t\t\t\t\t\t<img fetchpriority=\"high\" decoding=\"async\" width=\"600\" height=\"849\" src=\"https:\/\/memoriadelasvictorias.com\/wp-content\/uploads\/2023\/07\/sabias-que.jpg\" class=\"attachment-large size-large wp-image-892\" alt=\"\" srcset=\"https:\/\/memoriadelasvictorias.com\/wp-content\/uploads\/2023\/07\/sabias-que.jpg 600w, https:\/\/memoriadelasvictorias.com\/wp-content\/uploads\/2023\/07\/sabias-que-212x300.jpg 212w\" sizes=\"(max-width: 600px) 100vw, 600px\" \/>\t\t\t\t\t\t\t\t\t\t\t\t\t\t\t<\/div>\n\t\t\t\t<\/div>\n\t\t\t\t\t<\/div>\n\t\t<\/div>\n\t\t\t\t\t<\/div>\n\t\t<\/section>\n\t\t\t\t\t<\/div>\n\t\t<\/div>\n\t\t\t\t\t<\/div>\n\t\t<\/section>\n\t\t\t\t<section class=\"elementor-section elementor-top-section elementor-element elementor-element-4fed63f elementor-section-boxed elementor-section-height-default elementor-section-height-default\" data-id=\"4fed63f\" data-element_type=\"section\" data-e-type=\"section\">\n\t\t\t\t\t\t<div class=\"elementor-container elementor-column-gap-default\">\n\t\t\t\t\t<div class=\"elementor-column elementor-col-100 elementor-top-column elementor-element elementor-element-7cd8c4c\" data-id=\"7cd8c4c\" data-element_type=\"column\" data-e-type=\"column\">\n\t\t\t<div class=\"elementor-widget-wrap elementor-element-populated\">\n\t\t\t\t\t\t<section class=\"elementor-section elementor-inner-section elementor-element elementor-element-632e537 indice-des elementor-section-boxed elementor-section-height-default elementor-section-height-default\" data-id=\"632e537\" data-element_type=\"section\" data-e-type=\"section\">\n\t\t\t\t\t\t<div class=\"elementor-container elementor-column-gap-default\">\n\t\t\t\t\t<div class=\"elementor-column elementor-col-50 elementor-inner-column elementor-element elementor-element-160d8e2\" data-id=\"160d8e2\" data-element_type=\"column\" data-e-type=\"column\">\n\t\t\t<div class=\"elementor-widget-wrap elementor-element-populated\">\n\t\t\t\t\t\t<div class=\"elementor-element elementor-element-3e38ba9 elementor-widget elementor-widget-image\" data-id=\"3e38ba9\" data-element_type=\"widget\" data-e-type=\"widget\" data-widget_type=\"image.default\">\n\t\t\t\t<div class=\"elementor-widget-container\">\n\t\t\t\t\t\t\t\t\t\t\t\t\t\t\t<img decoding=\"async\" width=\"600\" height=\"400\" src=\"https:\/\/memoriadelasvictorias.com\/wp-content\/uploads\/2023\/07\/captura-video.jpg\" class=\"attachment-large size-large wp-image-1296\" alt=\"\" srcset=\"https:\/\/memoriadelasvictorias.com\/wp-content\/uploads\/2023\/07\/captura-video.jpg 600w, https:\/\/memoriadelasvictorias.com\/wp-content\/uploads\/2023\/07\/captura-video-300x200.jpg 300w\" sizes=\"(max-width: 600px) 100vw, 600px\" \/>\t\t\t\t\t\t\t\t\t\t\t\t\t\t\t<\/div>\n\t\t\t\t<\/div>\n\t\t\t\t<div class=\"elementor-element elementor-element-b96d392 elementor-widget elementor-widget-heading\" data-id=\"b96d392\" data-element_type=\"widget\" data-e-type=\"widget\" data-widget_type=\"heading.default\">\n\t\t\t\t<div class=\"elementor-widget-container\">\n\t\t\t\t\t<h3 class=\"elementor-heading-title elementor-size-default\"><a href=\"https:\/\/memoriadelasvictorias.com\/index.php\/indice\/la-comunidad-desaparecida\/la-comunidad-de-entonces\/\">La comunidad de entonces<\/a><\/h3>\t\t\t\t<\/div>\n\t\t\t\t<\/div>\n\t\t\t\t\t<\/div>\n\t\t<\/div>\n\t\t\t\t<div class=\"elementor-column elementor-col-50 elementor-inner-column elementor-element elementor-element-65582fc\" data-id=\"65582fc\" data-element_type=\"column\" data-e-type=\"column\">\n\t\t\t<div class=\"elementor-widget-wrap elementor-element-populated\">\n\t\t\t\t\t\t<div class=\"elementor-element elementor-element-c068323 elementor-widget elementor-widget-image\" data-id=\"c068323\" data-element_type=\"widget\" data-e-type=\"widget\" data-widget_type=\"image.default\">\n\t\t\t\t<div class=\"elementor-widget-container\">\n\t\t\t\t\t\t\t\t\t\t\t\t\t\t\t<img decoding=\"async\" width=\"600\" height=\"400\" src=\"https:\/\/memoriadelasvictorias.com\/wp-content\/uploads\/2023\/07\/una-alita.jpg\" class=\"attachment-large size-large wp-image-950\" alt=\"\" srcset=\"https:\/\/memoriadelasvictorias.com\/wp-content\/uploads\/2023\/07\/una-alita.jpg 600w, https:\/\/memoriadelasvictorias.com\/wp-content\/uploads\/2023\/07\/una-alita-300x200.jpg 300w\" sizes=\"(max-width: 600px) 100vw, 600px\" \/>\t\t\t\t\t\t\t\t\t\t\t\t\t\t\t<\/div>\n\t\t\t\t<\/div>\n\t\t\t\t<div class=\"elementor-element elementor-element-2b86b91 elementor-widget elementor-widget-heading\" data-id=\"2b86b91\" data-element_type=\"widget\" data-e-type=\"widget\" data-widget_type=\"heading.default\">\n\t\t\t\t<div class=\"elementor-widget-container\">\n\t\t\t\t\t<h3 class=\"elementor-heading-title elementor-size-default\"><a href=\"https:\/\/memoriadelasvictorias.com\/index.php\/indice\/la-comunidad-desaparecida\/hoy-hacemos-memoria\/\">Hoy hacemos memoria\n<\/a><\/h3>\t\t\t\t<\/div>\n\t\t\t\t<\/div>\n\t\t\t\t\t<\/div>\n\t\t<\/div>\n\t\t\t\t\t<\/div>\n\t\t<\/section>\n\t\t\t\t\t<\/div>\n\t\t<\/div>\n\t\t\t\t\t<\/div>\n\t\t<\/section>\n\t\t\t\t<\/div>\n\t\t","protected":false},"excerpt":{"rendered":"<p>La comunidad desaparecida Por la memoria, reencuentro y homenaje a la comunidad de la Parroquia Nuestra Se\u00f1ora de la Victoria de los a\u00f1os 70 \u00bfSab\u00edas que:&#8230;La Iglesia que hoy se conoce como Rosa M\u00edstica (54 y 23 en la ciudad de La Plata) se llama Parroquia Nuestra Se\u00f1ora de la Victoria.&#8230;Que a partir de la [&hellip;]<\/p>\n","protected":false},"author":1,"featured_media":0,"parent":183,"menu_order":0,"comment_status":"closed","ping_status":"closed","template":"","meta":{"site-sidebar-layout":"no-sidebar","site-content-layout":"page-builder","ast-site-content-layout":"default","site-content-style":"default","site-sidebar-style":"default","ast-global-header-display":"","ast-banner-title-visibility":"","ast-main-header-display":"","ast-hfb-above-header-display":"","ast-hfb-below-header-display":"","ast-hfb-mobile-header-display":"","site-post-title":"disabled","ast-breadcrumbs-content":"","ast-featured-img":"disabled","footer-sml-layout":"","ast-disable-related-posts":"","theme-transparent-header-meta":"","adv-header-id-meta":"","stick-header-meta":"","header-above-stick-meta":"","header-main-stick-meta":"","header-below-stick-meta":"","astra-migrate-meta-layouts":"default","ast-page-background-enabled":"default","ast-page-background-meta":{"desktop":{"background-color":"var(--ast-global-color-4)","background-image":"","background-repeat":"repeat","background-position":"center center","background-size":"auto","background-attachment":"scroll","background-type":"","background-media":"","overlay-type":"","overlay-color":"","overlay-opacity":"","overlay-gradient":""},"tablet":{"background-color":"","background-image":"","background-repeat":"repeat","background-position":"center center","background-size":"auto","background-attachment":"scroll","background-type":"","background-media":"","overlay-type":"","overlay-color":"","overlay-opacity":"","overlay-gradient":""},"mobile":{"background-color":"","background-image":"","background-repeat":"repeat","background-position":"center center","background-size":"auto","background-attachment":"scroll","background-type":"","background-media":"","overlay-type":"","overlay-color":"","overlay-opacity":"","overlay-gradient":""}},"ast-content-background-meta":{"desktop":{"background-color":"var(--ast-global-color-5)","background-image":"","background-repeat":"repeat","background-position":"center center","background-size":"auto","background-attachment":"scroll","background-type":"","background-media":"","overlay-type":"","overlay-color":"","overlay-opacity":"","overlay-gradient":""},"tablet":{"background-color":"var(--ast-global-color-5)","background-image":"","background-repeat":"repeat","background-position":"center center","background-size":"auto","background-attachment":"scroll","background-type":"","background-media":"","overlay-type":"","overlay-color":"","overlay-opacity":"","overlay-gradient":""},"mobile":{"background-color":"var(--ast-global-color-5)","background-image":"","background-repeat":"repeat","background-position":"center center","background-size":"auto","background-attachment":"scroll","background-type":"","background-media":"","overlay-type":"","overlay-color":"","overlay-opacity":"","overlay-gradient":""}},"footnotes":""},"class_list":["post-136","page","type-page","status-publish","hentry"],"_links":{"self":[{"href":"https:\/\/memoriadelasvictorias.com\/index.php\/wp-json\/wp\/v2\/pages\/136","targetHints":{"allow":["GET"]}}],"collection":[{"href":"https:\/\/memoriadelasvictorias.com\/index.php\/wp-json\/wp\/v2\/pages"}],"about":[{"href":"https:\/\/memoriadelasvictorias.com\/index.php\/wp-json\/wp\/v2\/types\/page"}],"author":[{"embeddable":true,"href":"https:\/\/memoriadelasvictorias.com\/index.php\/wp-json\/wp\/v2\/users\/1"}],"replies":[{"embeddable":true,"href":"https:\/\/memoriadelasvictorias.com\/index.php\/wp-json\/wp\/v2\/comments?post=136"}],"version-history":[{"count":22,"href":"https:\/\/memoriadelasvictorias.com\/index.php\/wp-json\/wp\/v2\/pages\/136\/revisions"}],"predecessor-version":[{"id":1357,"href":"https:\/\/memoriadelasvictorias.com\/index.php\/wp-json\/wp\/v2\/pages\/136\/revisions\/1357"}],"up":[{"embeddable":true,"href":"https:\/\/memoriadelasvictorias.com\/index.php\/wp-json\/wp\/v2\/pages\/183"}],"wp:attachment":[{"href":"https:\/\/memoriadelasvictorias.com\/index.php\/wp-json\/wp\/v2\/media?parent=136"}],"curies":[{"name":"wp","href":"https:\/\/api.w.org\/{rel}","templated":true}]}}

<div data-elementor-type="wp-page" data-elementor-id="136" class="elementor elementor-136">
						<section class="elementor-section elementor-top-section elementor-element elementor-element-cc5c9d9 elementor-section-boxed elementor-section-height-default elementor-section-height-default" data-id="cc5c9d9" data-element_type="section" data-e-type="section">
						<div class="elementor-container elementor-column-gap-default">
					<div class="elementor-column elementor-col-100 elementor-top-column elementor-element elementor-element-98a6d7e" data-id="98a6d7e" data-element_type="column" data-e-type="column">
			<div class="elementor-widget-wrap elementor-element-populated">
						<div class="elementor-element elementor-element-095b849 elementor-widget elementor-widget-heading" data-id="095b849" data-element_type="widget" data-e-type="widget" data-widget_type="heading.default">
				<div class="elementor-widget-container">
					<h2 class="elementor-heading-title elementor-size-default">La comunidad desaparecida</h2>				</div>
				</div>
				<section class="elementor-section elementor-inner-section elementor-element elementor-element-4ce8902 elementor-section-boxed elementor-section-height-default elementor-section-height-default" data-id="4ce8902" data-element_type="section" data-e-type="section">
						<div class="elementor-container elementor-column-gap-default">
					<div class="elementor-column elementor-col-50 elementor-inner-column elementor-element elementor-element-7e245f5" data-id="7e245f5" data-element_type="column" data-e-type="column">
			<div class="elementor-widget-wrap elementor-element-populated">
						<div class="elementor-element elementor-element-069062b elementor-widget elementor-widget-heading" data-id="069062b" data-element_type="widget" data-e-type="widget" data-widget_type="heading.default">
				<div class="elementor-widget-container">
					<p class="elementor-heading-title elementor-size-default">Por la memoria, reencuentro y homenaje a la comunidad de la Parroquia Nuestra Señora de la Victoria de los años 70</p>				</div>
				</div>
				<div class="elementor-element elementor-element-94c9fdd elementor-widget elementor-widget-text-editor" data-id="94c9fdd" data-element_type="widget" data-e-type="widget" data-widget_type="text-editor.default">
				<div class="elementor-widget-container">
									<p>¿Sabías que:<br />&#8230;La Iglesia que hoy se conoce como Rosa Mística (54 y 23 en la ciudad de La Plata) se llama Parroquia Nuestra Señora de la Victoria.<br />&#8230;Que a partir de la convocatoria del Padre “el Vasco” Bengochea se formó allí una comunidad de miles de personas.<br />&#8230;Que a esa Parroquia asistían niños, adolescentes, jóvenes y adultos organizados en distintas actividades con objetivos que trascendían lo cotidiano y buscaban la construcción colectiva de una realidad mejor<br />&#8230;Que esa comunidad fue disuelta de inmediato cuando la dictadura cívico-militar usurpó el poder en 1976 <br />&#8230;Que algunos de sus integrantes se encuentran desaparecidos, y que otros sufrieron cárcel durante años sin motivo ni acusación, a disposición del Poder Ejecutivo Nacional de la Dictadura <br />&#8230;Que muchos de ellos tuvieron que exiliarse dentro y fuera del país. </p>								</div>
				</div>
					</div>
		</div>
				<div class="elementor-column elementor-col-50 elementor-inner-column elementor-element elementor-element-d1aeb52" data-id="d1aeb52" data-element_type="column" data-e-type="column">
			<div class="elementor-widget-wrap elementor-element-populated">
						<div class="elementor-element elementor-element-8065f53 elementor-widget elementor-widget-image" data-id="8065f53" data-element_type="widget" data-e-type="widget" data-widget_type="image.default">
				<div class="elementor-widget-container">
															<img fetchpriority="high" decoding="async" width="600" height="849" src="https://memoriadelasvictorias.com/wp-content/uploads/2023/07/sabias-que.jpg" class="attachment-large size-large wp-image-892" alt="" srcset="https://memoriadelasvictorias.com/wp-content/uploads/2023/07/sabias-que.jpg 600w, https://memoriadelasvictorias.com/wp-content/uploads/2023/07/sabias-que-212x300.jpg 212w" sizes="(max-width: 600px) 100vw, 600px" />															</div>
				</div>
					</div>
		</div>
					</div>
		</section>
					</div>
		</div>
					</div>
		</section>
				<section class="elementor-section elementor-top-section elementor-element elementor-element-4fed63f elementor-section-boxed elementor-section-height-default elementor-section-height-default" data-id="4fed63f" data-element_type="section" data-e-type="section">
						<div class="elementor-container elementor-column-gap-default">
					<div class="elementor-column elementor-col-100 elementor-top-column elementor-element elementor-element-7cd8c4c" data-id="7cd8c4c" data-element_type="column" data-e-type="column">
			<div class="elementor-widget-wrap elementor-element-populated">
						<section class="elementor-section elementor-inner-section elementor-element elementor-element-632e537 indice-des elementor-section-boxed elementor-section-height-default elementor-section-height-default" data-id="632e537" data-element_type="section" data-e-type="section">
						<div class="elementor-container elementor-column-gap-default">
					<div class="elementor-column elementor-col-50 elementor-inner-column elementor-element elementor-element-160d8e2" data-id="160d8e2" data-element_type="column" data-e-type="column">
			<div class="elementor-widget-wrap elementor-element-populated">
						<div class="elementor-element elementor-element-3e38ba9 elementor-widget elementor-widget-image" data-id="3e38ba9" data-element_type="widget" data-e-type="widget" data-widget_type="image.default">
				<div class="elementor-widget-container">
															<img decoding="async" width="600" height="400" src="https://memoriadelasvictorias.com/wp-content/uploads/2023/07/captura-video.jpg" class="attachment-large size-large wp-image-1296" alt="" srcset="https://memoriadelasvictorias.com/wp-content/uploads/2023/07/captura-video.jpg 600w, https://memoriadelasvictorias.com/wp-content/uploads/2023/07/captura-video-300x200.jpg 300w" sizes="(max-width: 600px) 100vw, 600px" />															</div>
				</div>
				<div class="elementor-element elementor-element-b96d392 elementor-widget elementor-widget-heading" data-id="b96d392" data-element_type="widget" data-e-type="widget" data-widget_type="heading.default">
				<div class="elementor-widget-container">
					<h3 class="elementor-heading-title elementor-size-default"><a href="https://memoriadelasvictorias.com/index.php/indice/la-comunidad-desaparecida/la-comunidad-de-entonces/">La comunidad de entonces</a></h3>				</div>
				</div>
					</div>
		</div>
				<div class="elementor-column elementor-col-50 elementor-inner-column elementor-element elementor-element-65582fc" data-id="65582fc" data-element_type="column" data-e-type="column">
			<div class="elementor-widget-wrap elementor-element-populated">
						<div class="elementor-element elementor-element-c068323 elementor-widget elementor-widget-image" data-id="c068323" data-element_type="widget" data-e-type="widget" data-widget_type="image.default">
				<div class="elementor-widget-container">
															<img decoding="async" width="600" height="400" src="https://memoriadelasvictorias.com/wp-content/uploads/2023/07/una-alita.jpg" class="attachment-large size-large wp-image-950" alt="" srcset="https://memoriadelasvictorias.com/wp-content/uploads/2023/07/una-alita.jpg 600w, https://memoriadelasvictorias.com/wp-content/uploads/2023/07/una-alita-300x200.jpg 300w" sizes="(max-width: 600px) 100vw, 600px" />															</div>
				</div>
				<div class="elementor-element elementor-element-2b86b91 elementor-widget elementor-widget-heading" data-id="2b86b91" data-element_type="widget" data-e-type="widget" data-widget_type="heading.default">
				<div class="elementor-widget-container">
					<h3 class="elementor-heading-title elementor-size-default"><a href="https://memoriadelasvictorias.com/index.php/indice/la-comunidad-desaparecida/hoy-hacemos-memoria/">Hoy hacemos memoria
</a></h3>				</div>
				</div>
					</div>
		</div>
					</div>
		</section>
					</div>
		</div>
					</div>
		</section>
				</div>

<p>La comunidad desaparecida Por la memoria, reencuentro y homenaje a la comunidad de la Parroquia Nuestra Señora de la Victoria de los años 70 ¿Sabías que:&#8230;La Iglesia que hoy se conoce como Rosa Mística (54 y 23 en la ciudad de La Plata) se llama Parroquia Nuestra Señora de la Victoria.&#8230;Que a partir de la [&hellip;]</p>
